35.
33
Let p(h) = h**3 + 3*h**2 + 2*h - 3. Let u be p(-3). Let y = u + 5. What is the remainder when y/22 + 5410/110 is divided by 17?
15
Let f(m) = -3*m**2 + 24*m + 14. Let d = 29 + -17. What is the remainder when f(7) is divided by d?
11
Let w = 368 + -237. Suppose -5*t = -u - 142, 5*u + 0*u - w = -4*t. What is the remainder when t is divided by 15?
14
Let u = 18 - -9. Let g = u - 0. What is the remainder when g is divided by 10?
7
Let t = -1 + 4. Suppose 12 = -4*l, -5*g = 4*l - 5*l - t. Suppose -4*f + 67 = -g*f - 3*h, 15 = 5*h. Calculate the remainder when f is divided by 10.
9
Suppose -35 = -5*h + 2*u, -60 = -6*h + h - 3*u. Let r(l) = l**2 - 8*l. What is the remainder when r(h) is divided by 5?
4
Let g be (-12)/(-42) - (-4)/(-14). Suppose q - 48 = -3*q. Calculate the remainder when q is divided by (6 - -3) + g + -2.
5
Let n(g) = g**2 - 2*g. Let y be n(3). Suppose -8*d + 3*d + 5*v + 125 = 0, d = -y*v + 13. Calculate the remainder when d is divided by 3 + (-1 - 0) - -6.
6
Suppose 3*z - 30 = 3*g, -2*g - 1 + 2 = 5*z. Let n = g - -17. What is the remainder when 28 is divided by n?
8
Let r(j) = -6*j + 8. What is the remainder when r(-7) is divided by 18?
14
Let f = 7 + 1. Let w(m) be the third derivative of m**4/4 - 7*m**3/6 - 2*m**2. Calculate the remainder when w(5) is divided by f.
7
Suppose -26 = -5*x + l, 4*x - 4*l - 12 = 12. Suppose -4*v + t - x*t = -20, -2*v - 3*t = -5. Calculate the remainder when 39 is divided by v.
9
Let i = 1 - 1. Suppose -3*v + 14 = -f + 49, 3*f + 5*v - 49 = i. Calculate the remainder when f is divided by 4*1*3 + 0.
11
Let k = -68 + 102. Calculate the remainder when k is divided by 13.
8
Let x(k) = -3*k**3 - 4*k**2 - 2*k + 1. Let w(i) = 2*i + 1. Suppose 3*g = -g + 12. Calculate the remainder when x(-2) is divided by w(g).
6
Suppose 12 = 5*d - 2*d. Suppose d*j = 127 + 105. Calculate the remainder when j is divided by 20.
18
Let n be 906/(-14) + (-6)/21. Let p = n + 103. What is the remainder when p is divided by 13?
12
Let j = 17 - 7. Calculate the remainder when 37 is divided by j.
7
Let y(q) = q**3 - 5*q**2 + 5*q - 1. Let p = -5 - -9. Calculate the remainder when 5 is divided by y(p).
2
Let h = 28 + -12. Let t = h + -8. Suppose 4*z - 16 = -0*z, 3*v + 4*z - 79 = 0. Calculate the remainder when v is divided by t.
5
Suppose -15 = -3*d - 3. Calculate the remainder when -3*(-26)/d*2 is divided by 20.
19
Let j = 14 + 7. Suppose t + 0*t = j. Calculate the remainder when 62 is divided by t.
20
Let s(y) = y**3 - 3*y**2 + 3*y. Suppose 33 - 137 = -4*w. What is the remainder when w is divided by s(3)?
8
Let j = -42 + 61. Calculate the remainder when 53 is divided by j.
15
Suppose 45 = 2*k - 7. What is the remainder when 100 is divided by k?
22
Suppose 3*i + 1 = -4*y + 2*y, -2 = -y + i. Suppose -3*o = -2*o - y. What is the remainder when 4 is divided by o*((1 - -1) + 0)?
0
Suppose -2*p = 2*p - 72. Suppose -2*l + 128 = 28. Calculate the remainder when l + (-4 - (3 - 10)) is divided by p.
17
Suppose -2*p - 3*u = -151, 2*p - 2*u = -6*u + 146. What is the remainder when p is divided by 12?
11
Suppose -4*g + 5*b + 1 = -20, -5*g - 5*b = -15. Calculate the remainder when g is divided by 1.
0
Suppose 0 = -4*p - 3 + 79. What is the remainder when 34 is divided by p?
15
What is the remainder when (6/(-3) - -1)/(4/(-188)) is divided by 16?
15
Suppose -132*z = -131*z - 14. Calculate the remainder when (-163)/(-3) + (-2)/(-3) is divided by z.
13
Suppose -5*m - 155 = -5*x, 0*x - 5*x + 3*m + 147 = 0. What is the remainder when 105 is divided by x?
24
Let p = -3 - -3. Let i be 0/1 + -12 + p. Calculate the remainder when 4/(i/(-111)) - 3 is divided by 18.
16
What is the remainder when (31 - 40)/((-2)/38) is divided by 29?
26
Let u be (-4)/(-26) + (-82)/26. Let y be u - (2 + (-1 - -4)). Let m = -4 - y. What is the remainder when 10 is divided by m?
2
Suppose -m + 4*y + 17 = 0, -2*y - 11 = -0*m - m. Suppose -m*g = -0*g - 280. Calculate the remainder when g is divided by 19.
18
Suppose -7*i + 35 = -2*i. Let m = -3 - -3. Suppose 5*u + 4*s - 81 = -m*u, -3*s = 4*u - 64. Calculate the remainder when u is divided by i.
6
Let y be (-2)/3 + 4/6. Suppose -4*s + 12 + 0 = y. Calculate the remainder when 10 is divided by s.
1
Let t = -64 - -66. What is the remainder when 2 is divided by t?
0
Let q(b) = b**3 + 8*b**2 - 4*b - 9. Let f be q(-7). Suppose 16 = 4*d - f. Let n = d - 15. Calculate the remainder when 10 is divided by n.
4
Let o = -30 - -40. Calculate the remainder when 17 is divided by o.
7
Suppose 3 + 15 = -w. Let o = -12 - w. What is the remainder when 11 is divided by o?
5
Let u = -3 + -4. Let s(x) = x + 13. Let k be s(u). Let v = 19 - k. What is the remainder when v is divided by 7?
6
Let r = 51 + -36. What is the remainder when 2 + r/(-3) - -26 is divided by 12?
11
Suppose -3*f = -6*f + 12. Suppose 5*q - 3 + 13 = 0, w - 5*q - 15 = 0. Suppose -16 = f*r, 5*r - 103 = -w*g + 7. What is the remainder when g is divided by 9?
8
Suppose 3*r - 4*r + 7 = 4*x, x = 5*r - 35. Let l(m) = 4*m - 11. Calculate the remainder when l(9) is divided by r.
4
Let u = 30 + -15. Suppose -4*c + 392 - 96 = 0. Calculate the remainder when c is divided by u.
14
Suppose -5*v + 4*h + 3 = 0, 3*v + 0*v - 12 = -h. Let y = 6 + v. Calculate the remainder when 16 is divided by y.
7
Suppose 3*c - 69 = 2*n - 289, -2*n = -4*c - 218. Calculate the remainder when n is divided by 19.
18
Suppose -28 = 3*n - n. What is the remainder when 25 is divided by 2/(-7) - 130/n?
7
Let c = 20 - 5. Let t(d) = d + 6 + 2*d + 2. What is the remainder when t(7) is divided by c?
14
Let y = -2 - -28. Let g(c) = -7*c. Calculate the remainder when y is divided by g(-2).
12
Suppose -2*y - 3*r = -26, -3*y - 2*r + 4*r = -65. What is the remainder when 37 is divided by y?
18
Let v = 4 + -8. What is the remainder when (-36)/(-1) - (-12 - -9) is divided by 21 - (-3)/(1 + v)?
19
Suppose 36 - 534 = -6*a. Calculate the remainder when a is divided by 21.
20
Let k(r) be the second derivative of r**5/2 - r**4/12 + r**3/6 - 3*r. What is the remainder when 28 is divided by k(1)?
8
Suppose 8 = g + 4*v - 3*v, -4*v = -2*g - 8. Suppose 2*j = 26 + g. Calculate the remainder when j is divided by 4.
3
Let f = -12 + 16. Suppose 177 = 5*k - x + 3*x, f*k = 2*x + 138. Calculate the remainder when k is divided by 9.
8
Let m = 5 - 5. Suppose z + m*z - 2 = 0. Calculate the remainder when 31 is divided by (-4 + z - -6)*4.
15
Let g(i) = 2*i - 3 + 18*i + 5. What is the remainder when g(2) is divided by 15?
12
Suppose -3*w + 3*g - 109 + 496 = 0, 0 = -3*w - 4*g + 408. Calculate the remainder when w is divided by 34.
30
Let f = -50 + 36. Let r be 4/14 + 46/f. Calculate the remainder when 3*4*(-8)/r is divided by 11.
10
Let g(n) = n**2 - 8*n + 27. Calculate the remainder when g(16) is divided by 26.
25
Suppose 5*v - 2*v + 2*m = 212, -5*m - 65 = -v. Suppose 2*p + v = 4*p. Let o = 2 + 16. Calculate the remainder when p is divided by o.
17
Let v(z) be the first derivative of z**3/3 + z**2 + 3*z + 2. What is the remainder when 31/2 - (-2)/4 is divided by v(-3)?
4
Let s = 15 - 12. Suppose 21 = y - s*o, -y + 5*o + 8 = -17. What is the remainder when 59 is divided by y?
14
Let p(z) = z**3 - 11*z**2 - 10*z - 7. Let j = 4 + 2. Suppose 43 = v - o + j, -o = 3*v - 91. Calculate the remainder when v is divided by p(12).
15
Suppose 2*b - 4*m - 4 = 0, 4*b + 1 - 4 = 3*m. Suppose b = -2*t + 2 + 44. What is the remainder when t is divided by 8?
7
Let u be 4 - (-3 + 1 - 38). Let p = -27 + u. Calculate the remainder when p is divided by 4.
1
What is the remainder when 0 - -114*(-3)/(-6) is divided by 13?
5
What is the remainder when 83 is divided by 2/(-2) + -1 - -23?
20
Suppose 4*n + b = -13, 6*n - 5*n + 12 = -2*b. Let a = 5 + n. Let y = 3 + 8. Calculate the remainder when y is divided by a.
2
What is the remainder when 74 is divided by 225/12 + (-2)/(-8)?
17
Calculate the remainder when (-4)/(-8) - 130/(-4) is divided by 9.
6
Let x be 1 - -4 - (-1 + 2). Calculate the remainder when x/(45/21 - 2) is divided by 10.
8
Let w = 9 - 4. Suppose -76 = -w*d + d. Calculate the remainder when d is divided by 7.
5
Let t = 23 + -1. Suppose 0 = m + 2*r + r + 22, -81 = 4*m + 5*r. Let g = -13 - m. What is the remainder when t is divided by g?
4
Suppose -35 = 2*y - 121. Cal